{"id":92,"date":"2021-11-16T14:58:09","date_gmt":"2021-11-16T13:58:09","guid":{"rendered":"http:\/\/lacuisinedepauline.fr\/?page_id=92"},"modified":"2024-07-22T19:31:08","modified_gmt":"2024-07-22T17:31:08","slug":"notre-carte","status":"publish","type":"page","link":"https:\/\/lacuisinedepauline.fr\/?page_id=92","title":{"rendered":"Notre carte"},"content":{"rendered":"<p>[et_pb_section fb_built=\u00a0\u00bb1&Prime; _builder_version=\u00a0\u00bb4.9.7&Prime; _module_preset=\u00a0\u00bbdefault\u00a0\u00bb background_image=\u00a0\u00bbhttps:\/\/lacuisinedepauline.fr\/wp-content\/uploads\/2021\/11\/giacomo-alonzi-2sfSznPgCA-unsplash-scaled.jpg\u00a0\u00bb][et_pb_row _builder_version=\u00a0\u00bb4.9.7&Prime; _module_preset=\u00a0\u00bbdefault\u00a0\u00bb][et_pb_column type=\u00a0\u00bb4_4&Prime; _builder_version=\u00a0\u00bb4.9.7&Prime; _module_preset=\u00a0\u00bbdefault\u00a0\u00bb][et_pb_text _builder_version=\u00a0\u00bb4.9.7&Prime; _module_preset=\u00a0\u00bbdefault\u00a0\u00bb text_text_color=\u00a0\u00bb#FFFFFF\u00a0\u00bb text_font_size=\u00a0\u00bb17px\u00a0\u00bb header_font=\u00a0\u00bbEngland||||||||\u00a0\u00bb header_text_color=\u00a0\u00bb#FFFFFF\u00a0\u00bb header_font_size=\u00a0\u00bb80px\u00a0\u00bb]<\/p>\n<h1 style=\"text-align: center;\"><span style=\"text-decoration: underline;\">Ap\u00e9ritifs<\/span><\/h1>\n<p>[\/et_pb_text][\/et_pb_column][\/et_pb_row][et_pb_row column_structure=\u00a0\u00bb1_2,1_2&Prime; _builder_version=\u00a0\u00bb4.9.7&Prime; _module_preset=\u00a0\u00bbdefault\u00a0\u00bb][et_pb_column type=\u00a0\u00bb1_2&Prime; _builder_version=\u00a0\u00bb4.9.7&Prime; _module_preset=\u00a0\u00bbdefault\u00a0\u00bb][et_pb_text _builder_version=\u00a0\u00bb4.9.7&Prime; _module_preset=\u00a0\u00bbdefault\u00a0\u00bb text_text_color=\u00a0\u00bb#FFFFFF\u00a0\u00bb text_font_size=\u00a0\u00bb20px\u00a0\u00bb]<\/p>\n<p style=\"text-align: center;\"><strong>Simple ou d\u00eenatoire :<\/strong><\/p>\n<p style=\"text-align: center;\">&#8211; 4 pces au choix 4.00\u20ac\/pers<\/p>\n<p style=\"text-align: center;\">&#8211; 6 pces au choix 5.80\u20ac\/pers<\/p>\n<p>[\/et_pb_text][\/et_pb_column][et_pb_column type=\u00a0\u00bb1_2&Prime; _builder_version=\u00a0\u00bb4.9.7&Prime; _module_preset=\u00a0\u00bbdefault\u00a0\u00bb][et_pb_text _builder_version=\u00a0\u00bb4.9.7&Prime; _module_preset=\u00a0\u00bbdefault\u00a0\u00bb text_text_color=\u00a0\u00bb#FFFFFF\u00a0\u00bb text_font_size=\u00a0\u00bb20px\u00a0\u00bb]<\/p>\n<p style=\"text-align: center;\">&#8211; 8 pces au choix 7.60\u20ac\/pers<\/p>\n<p style=\"text-align: center;\">\u00a0 \u00a0&#8211; 10 pces au choix 8.20\u20ac \/pers<\/p>\n<p style=\"text-align: center;\">\u00a0 \u00a0&#8211; 12 pces au choix 10\u20ac\/pers<\/p>\n<p>[\/et_pb_text][\/et_pb_column][\/et_pb_row][\/et_pb_section][et_pb_section fb_built=\u00a0\u00bb1&Prime; _builder_version=\u00a0\u00bb4.9.7&Prime; _module_preset=\u00a0\u00bbdefault\u00a0\u00bb][et_pb_row column_structure=\u00a0\u00bb1_3,1_3,1_3&Prime; _builder_version=\u00a0\u00bb4.9.7&Prime; _module_preset=\u00a0\u00bbdefault\u00a0\u00bb][et_pb_column type=\u00a0\u00bb1_3&Prime; _builder_version=\u00a0\u00bb4.9.7&Prime; _module_preset=\u00a0\u00bbdefault\u00a0\u00bb][et_pb_text _builder_version=\u00a0\u00bb4.9.7&Prime; _module_preset=\u00a0\u00bbdefault\u00a0\u00bb]<\/p>\n<p><strong>Les verrines:<\/strong><\/p>\n<p>&#8211; tapenade de poivrons , mousse de ch\u00e8vre et \u00e9clat de chorizo<\/p>\n<p>&#8211; Guacamole et saumon fum\u00e9 zest de citrons<\/p>\n<p>&#8211; Mousseline de patate douce , allumette fum\u00e9e et cr\u00e8me ciboulette<\/p>\n<p>&#8211; Duo boudins \/ pommes carm\u00e9lis\u00e9es<\/p>\n<p>[\/et_pb_text][\/et_pb_column][et_pb_column type=\u00a0\u00bb1_3&Prime; _builder_version=\u00a0\u00bb4.9.7&Prime; _module_preset=\u00a0\u00bbdefault\u00a0\u00bb][et_pb_text _builder_version=\u00a0\u00bb4.9.7&Prime; _module_preset=\u00a0\u00bbdefault\u00a0\u00bb]<\/p>\n<p><strong>Les Toasts:<\/strong><\/p>\n<p>&#8211; Cr\u00e9me ciboulette \/ saumon fum\u00e9<\/p>\n<p>&#8211; Thon \/ st Moret<\/p>\n<p><span>&#8211; <\/span>Tomate confite \/ magret \/ noix<\/p>\n<p>&#8211; Surimi \/ oeuf<\/p>\n<p>&#8211; Charcuterie<\/p>\n<p>&nbsp;<\/p>\n<p>[\/et_pb_text][\/et_pb_column][et_pb_column type=\u00a0\u00bb1_3&Prime; _builder_version=\u00a0\u00bb4.9.7&Prime; _module_preset=\u00a0\u00bbdefault\u00a0\u00bb][et_pb_text _builder_version=\u00a0\u00bb4.9.7&Prime; _module_preset=\u00a0\u00bbdefault\u00a0\u00bb]<\/p>\n<p><strong>Les wraps:<\/strong><\/p>\n<p><span>&#8211; P<\/span>oulet curry \/ salade<\/p>\n<p><span>&#8211;\u00a0<\/span>Saumon \/ st moret \/ salade<\/p>\n<p><span>&#8211;\u00a0<\/span>Thon st moret \/ salade<\/p>\n<p><span>&#8211;\u00a0<\/span>Jambon \/ st Moret \/ salade<\/p>\n<p>[\/et_pb_text][\/et_pb_column][\/et_pb_row][et_pb_row column_structure=\u00a0\u00bb1_3,1_3,1_3&Prime; _builder_version=\u00a0\u00bb4.9.7&Prime; _module_preset=\u00a0\u00bbdefault\u00a0\u00bb][et_pb_column type=\u00a0\u00bb1_3&Prime; _builder_version=\u00a0\u00bb4.9.7&Prime; _module_preset=\u00a0\u00bbdefault\u00a0\u00bb][et_pb_text _builder_version=\u00a0\u00bb4.9.7&Prime; _module_preset=\u00a0\u00bbdefault\u00a0\u00bb]<\/p>\n<p><strong>Les cakes :<\/strong><\/p>\n<p>&#8211; Poivrons \/ chorizo \/ ch\u00e8vre<\/p>\n<p><span>&#8211;\u00a0<\/span>Saumon \/ aneth<\/p>\n<p><span>&#8211;\u00a0<\/span>Pruneaux \/ lardons<\/p>\n<p><span>&#8211;\u00a0<\/span>Bleu \/ noix \/ tomate confite<\/p>\n<p>[\/et_pb_text][\/et_pb_column][et_pb_column type=\u00a0\u00bb1_3&Prime; _builder_version=\u00a0\u00bb4.9.7&Prime; _module_preset=\u00a0\u00bbdefault\u00a0\u00bb][et_pb_text _builder_version=\u00a0\u00bb4.9.7&Prime; _module_preset=\u00a0\u00bbdefault\u00a0\u00bb]<\/p>\n<p><strong>Les Lunchs sal\u00e9s<\/strong> :<\/p>\n<p>&#8211; Mini quiche aux l\u00e9gumes<\/p>\n<p><span>&#8211;\u00a0<\/span>Mini quiche lorraine<\/p>\n<p><span>&#8211;\u00a0<\/span>Pizza jambon \/ champignons<\/p>\n<p><span>&#8211;\u00a0<\/span>Pizza poivrons \/ chorizo<\/p>\n<p><span>&#8211;\u00a0<\/span>pizza 4 fromages<\/p>\n<p><span>&#8211;\u00a0<\/span>Mini croque monsieur<\/p>\n<p><span>&#8211;\u00a0<\/span>Mini tartelette chevre miel<\/p>\n<p><span>&#8211;\u00a0<\/span>mini tartelette boudin\/ pommes<\/p>\n<p><span>&#8211;\u00a0<\/span>Mini tartelette oignons roquefort<\/p>\n<p>[\/et_pb_text][\/et_pb_column][et_pb_column type=\u00a0\u00bb1_3&Prime; _builder_version=\u00a0\u00bb4.9.7&Prime; _module_preset=\u00a0\u00bbdefault\u00a0\u00bb][et_pb_text _builder_version=\u00a0\u00bb4.9.7&Prime; _module_preset=\u00a0\u00bbdefault\u00a0\u00bb]<\/p>\n<p><strong>Les Brochettes:<\/strong><\/p>\n<p><span>&#8211;\u00a0<\/span>Melon Jambon ( selon saisons)<\/p>\n<p><span>&#8211; C<\/span>revettes\/ananas<\/p>\n<p><span>&#8211; M<\/span>agret \/ raisins<\/p>\n<p><span>&#8211; T<\/span>omates \/ emmental<\/p>\n<p>[\/et_pb_text][\/et_pb_column][\/et_pb_row][et_pb_row column_structure=\u00a0\u00bb1_3,1_3,1_3&Prime; _builder_version=\u00a0\u00bb4.9.7&Prime; _module_preset=\u00a0\u00bbdefault\u00a0\u00bb][et_pb_column type=\u00a0\u00bb1_3&Prime; _builder_version=\u00a0\u00bb4.9.7&Prime; _module_preset=\u00a0\u00bbdefault\u00a0\u00bb][et_pb_text _builder_version=\u00a0\u00bb4.9.7&Prime; _module_preset=\u00a0\u00bbdefault\u00a0\u00bb]<\/p>\n<p><strong>Les minis burgers :<\/strong><\/p>\n<p>&#8211;\u00a0Jambon \/ emmental \/ salade \/ ketchup<\/p>\n<p><span>&#8211;\u00a0<\/span>Tartare \/ saumon \/ salade<\/p>\n<p><span>&#8211;\u00a0<\/span>Pesto \/ jambon pays \/ mozza \/ salade<\/p>\n<p>[\/et_pb_text][\/et_pb_column][et_pb_column type=\u00a0\u00bb1_3&Prime; _builder_version=\u00a0\u00bb4.9.7&Prime; _module_preset=\u00a0\u00bbdefault\u00a0\u00bb][\/et_pb_column][et_pb_column type=\u00a0\u00bb1_3&Prime; _builder_version=\u00a0\u00bb4.9.7&Prime; _module_preset=\u00a0\u00bbdefault\u00a0\u00bb][\/et_pb_column][\/et_pb_row][\/et_pb_section][et_pb_section fb_built=\u00a0\u00bb1&Prime; _builder_version=\u00a0\u00bb4.9.7&Prime; _module_preset=\u00a0\u00bbdefault\u00a0\u00bb background_image=\u00a0\u00bbhttps:\/\/lacuisinedepauline.fr\/wp-content\/uploads\/2021\/11\/sergio-arze-oeTdlanecpY-unsplash-scaled.jpg\u00a0\u00bb parallax=\u00a0\u00bbon\u00a0\u00bb][et_pb_row _builder_version=\u00a0\u00bb4.9.7&Prime; _module_preset=\u00a0\u00bbdefault\u00a0\u00bb][et_pb_column type=\u00a0\u00bb4_4&Prime; _builder_version=\u00a0\u00bb4.9.7&Prime; _module_preset=\u00a0\u00bbdefault\u00a0\u00bb][et_pb_text _builder_version=\u00a0\u00bb4.9.7&Prime; _module_preset=\u00a0\u00bbdefault\u00a0\u00bb text_text_color=\u00a0\u00bb#FFFFFF\u00a0\u00bb text_font_size=\u00a0\u00bb17px\u00a0\u00bb header_font=\u00a0\u00bbEngland||||||||\u00a0\u00bb header_text_color=\u00a0\u00bb#FFFFFF\u00a0\u00bb header_font_size=\u00a0\u00bb80px\u00a0\u00bb custom_margin=\u00a0\u00bb||-1px|||\u00a0\u00bb]<\/p>\n<h1 style=\"text-align: center;\"><span style=\"text-decoration: underline;\">Les entr\u00e9es<\/span><\/h1>\n<p>[\/et_pb_text][\/et_pb_column][\/et_pb_row][\/et_pb_section][et_pb_section fb_built=\u00a0\u00bb1&Prime; _builder_version=\u00a0\u00bb4.9.7&Prime; _module_preset=\u00a0\u00bbdefault\u00a0\u00bb][et_pb_row _builder_version=\u00a0\u00bb4.9.7&Prime; _module_preset=\u00a0\u00bbdefault\u00a0\u00bb][et_pb_column type=\u00a0\u00bb4_4&Prime; _builder_version=\u00a0\u00bb4.9.7&Prime; _module_preset=\u00a0\u00bbdefault\u00a0\u00bb][et_pb_text _builder_version=\u00a0\u00bb4.9.7&Prime; _module_preset=\u00a0\u00bbdefault\u00a0\u00bb]<\/p>\n<p><strong>Les entr\u00e9es:<\/strong><\/p>\n<p>*Plateau de charcuterie classic (Rillette de porc \/ jambon de pays \/ rosette )<strong> 6,40\u20ac\/pers<\/strong><\/p>\n<p>&#8211; Plateau de charcuterie campagnard ( Pat\u00e9 de campagne \/ andouille \/ boudin\u00a0noir \/ Jambon de pays ) <strong>6,20\u20ac\/pers<\/strong><\/p>\n<p><span>&#8211;\u00a0<\/span>Plateau de crudit\u00e9s ( carottes rap\u00e9s \/ celeri r\u00e9moulade \/ betterave rouge \/concombre \/ tomate \/ oeuf ) <strong>6,50\u20ac\/ pers<\/strong><\/p>\n<p><span>&#8211;\u00a0<\/span>Terrine aux deux saumons cr\u00e8me ciboulette <strong>7,80\u20ac\/pers<\/strong><\/p>\n<p><span>&#8211;\u00a0<\/span>Melon \/ past\u00e8que \/ jambon de pays\u00a0<strong>5,00\u20ac<\/strong> ( Selon saisons )<\/p>\n<p>&#8211; 1\/2 Melon garnit fruits rouge \/ jambon de pays <strong>6,50\u20ac<\/strong> ( Selon saisons)<\/p>\n<p><span>&#8211;\u00a0<\/span>1\/2 avocat garni surimi oeuf mayonnaise ( Selon saisons)\u00a0<strong>4,90\u20ac\/pers<\/strong><\/p>\n<p><span>&#8211;\u00a0<\/span>Salade p\u00e9rigourdine ( g\u00e9sier, magret de canard , emmental , tomates , noix ,\u00a0ma\u00efs et oeuf ) <strong>6,90\u20ac\/pers<\/strong> suppl\u00e9ment foie Gras et toast <strong>2,50\u20ac \/pers<\/strong><\/p>\n<p><span>&#8211;\u00a0<\/span>Croustillant de cabillaud julienne de legumes sauce citron <strong>7,60\u20ac\/pers<\/strong><\/p>\n<p><span>&#8211;\u00a0<\/span>Aumoni\u00e8re de fruits de mer aux petits l\u00e9gumes <strong>7,60\u20ac\/pers<\/strong><\/p>\n<p>[\/et_pb_text][\/et_pb_column][\/et_pb_row][\/et_pb_section][et_pb_section fb_built=\u00a0\u00bb1&Prime; _builder_version=\u00a0\u00bb4.9.7&Prime; _module_preset=\u00a0\u00bbdefault\u00a0\u00bb background_image=\u00a0\u00bbhttps:\/\/lacuisinedepauline.fr\/wp-content\/uploads\/2021\/11\/alex-munsell-Yr4n8O_3UPc-unsplash-1.jpg\u00a0\u00bb parallax=\u00a0\u00bbon\u00a0\u00bb][et_pb_row _builder_version=\u00a0\u00bb4.9.7&Prime; _module_preset=\u00a0\u00bbdefault\u00a0\u00bb][et_pb_column type=\u00a0\u00bb4_4&Prime; _builder_version=\u00a0\u00bb4.9.7&Prime; _module_preset=\u00a0\u00bbdefault\u00a0\u00bb][et_pb_text _builder_version=\u00a0\u00bb4.9.7&Prime; _module_preset=\u00a0\u00bbdefault\u00a0\u00bb text_text_color=\u00a0\u00bb#FFFFFF\u00a0\u00bb text_font_size=\u00a0\u00bb17px\u00a0\u00bb header_font=\u00a0\u00bbEngland||||||||\u00a0\u00bb header_text_color=\u00a0\u00bb#FFFFFF\u00a0\u00bb header_font_size=\u00a0\u00bb80px\u00a0\u00bb custom_margin=\u00a0\u00bb||-1px|||\u00a0\u00bb]<\/p>\n<h1 style=\"text-align: center;\"><span style=\"text-decoration: underline;\">Les plats<\/span><\/h1>\n<p>[\/et_pb_text][\/et_pb_column][\/et_pb_row][\/et_pb_section][et_pb_section fb_built=\u00a0\u00bb1&Prime; _builder_version=\u00a0\u00bb4.9.7&Prime; _module_preset=\u00a0\u00bbdefault\u00a0\u00bb][et_pb_row column_structure=\u00a0\u00bb1_3,1_3,1_3&Prime; _builder_version=\u00a0\u00bb4.9.7&Prime; _module_preset=\u00a0\u00bbdefault\u00a0\u00bb][et_pb_column type=\u00a0\u00bb1_3&Prime; _builder_version=\u00a0\u00bb4.9.7&Prime; _module_preset=\u00a0\u00bbdefault\u00a0\u00bb][et_pb_text _builder_version=\u00a0\u00bb4.9.7&Prime; _module_preset=\u00a0\u00bbdefault\u00a0\u00bb]<\/p>\n<p><strong>Les viandes:<\/strong><\/p>\n<p>&#8211; Filet mignon de porc sauce moutarde \u00e0 l&rsquo;ancienne <strong>11,90\u20ac \/pers<\/strong><\/p>\n<p>&#8211; Filet mignon de porc aux pommes sauce au cidre <strong>11,90\u20ac\/pers<\/strong><\/p>\n<p>&#8211; Roulade de volaille farci sauce foresti\u00e8re <strong>10.50\u20ac\/pers<\/strong><\/p>\n<p>&#8211; Paupiettes de dinde sauce \u00e9chalotes <strong>9.50\u20ac\/pers<\/strong><\/p>\n<p>&#8211; Blanquette de veau <strong>12,00\u20ac\/pers<\/strong><\/p>\n<p>&#8211; Rougail saucisse <strong>9,50\u20ac\/pers<\/strong><\/p>\n<p>&#8211; Poulet Basquaise<strong> 8.50\u20ac\/pers<\/strong><\/p>\n<p>&#8211; Poulet coco curry <strong>8.50\u20ac\/pers<\/strong><\/p>\n<p>[\/et_pb_text][\/et_pb_column][et_pb_column type=\u00a0\u00bb1_3&Prime; _builder_version=\u00a0\u00bb4.9.7&Prime; _module_preset=\u00a0\u00bbdefault\u00a0\u00bb][et_pb_text _builder_version=\u00a0\u00bb4.9.7&Prime; _module_preset=\u00a0\u00bbdefault\u00a0\u00bb]<\/p>\n<p><strong>Les Poissons:<\/strong><\/p>\n<p>&#8211; Pav\u00e9 de saumon et son cremeux de poireaux <strong>10.90\u20ac \/pers<\/strong><\/p>\n<p><span>&#8211;\u00a0<\/span>Dos de cabillaud sauce citron <strong>10,00\u20ac\/pers<\/strong><\/p>\n<p><span>&#8211;\u00a0<\/span>Lotte \u00e0 l&rsquo;armoricaine <strong>14.50\u20ac\/pers<\/strong><\/p>\n<p><span>&#8211;\u00a0<\/span>Cabillaud au lard sauce champagne <strong>12.90\u20ac\/pers<\/strong><\/p>\n<p>[\/et_pb_text][\/et_pb_column][et_pb_column type=\u00a0\u00bb1_3&Prime; _builder_version=\u00a0\u00bb4.9.7&Prime; _module_preset=\u00a0\u00bbdefault\u00a0\u00bb][et_pb_text _builder_version=\u00a0\u00bb4.9.7&Prime; _module_preset=\u00a0\u00bbdefault\u00a0\u00bb]<\/p>\n<p><strong>Les plats complets:<\/strong><\/p>\n<p>&#8211; Brandade de morue \/ salade <strong>8.50\u20ac\/pers<\/strong><\/p>\n<p>&#8211; Couscous Poulet \/ merguez \/ agneau <strong>13.00\u20ac\/pers<\/strong><\/p>\n<p>&#8211; Pa\u00eblla poulet \/ crevettes \/ moules \/ calamar \/ chorizo <strong>12,50\u20ac\/pers<\/strong><\/p>\n<p>&#8211; Cassoulet confit de canard \/ saucisse \/ saucisson \u00e0 l&rsquo;ai <strong>12.90\u20ac\/pers<\/strong><\/p>\n<p>&#8211; Lasagne de Boeuf\/ salade <strong>10,50\u20ac \/ pers<\/strong><\/p>\n<p>&#8211; Lasagne saumon \/ poireaux et salade <strong>11,90\u20ac\/pers<\/strong><\/p>\n<p>&#8211; Tartiflette et salade <strong>9,00\u20ac\/pers<\/strong><\/p>\n<p>&#8211; Parmentier de canard et salade <strong>11,50\u20ac\/pers<\/strong><\/p>\n<p>[\/et_pb_text][\/et_pb_column][\/et_pb_row][et_pb_row column_structure=\u00a0\u00bb1_3,1_3,1_3&Prime; _builder_version=\u00a0\u00bb4.9.7&Prime; _module_preset=\u00a0\u00bbdefault\u00a0\u00bb][et_pb_column type=\u00a0\u00bb1_3&Prime; _builder_version=\u00a0\u00bb4.9.7&Prime; _module_preset=\u00a0\u00bbdefault\u00a0\u00bb][et_pb_text _builder_version=\u00a0\u00bb4.9.7&Prime; _module_preset=\u00a0\u00bbdefault\u00a0\u00bb]<\/p>\n<p><strong>Buffet froid :<\/strong><\/p>\n<p><span>&#8211;\u00a0<\/span>R\u00f4ti de porc cuit 1 Tranche \/ pers <strong>2.90\u20ac\/pers<\/strong><\/p>\n<p><span>&#8211;\u00a0<\/span>R\u00f4ti de porc cuit 2 Tranche \/ pers <strong>4.50\u20ac\/pers<\/strong><\/p>\n<p><span>&#8211;\u00a0<\/span>R\u00f4ti de Boeuf cuit 1 Tranche \/ pers <strong>3.90\u20ac\/pers<\/strong><\/p>\n<p><span>&#8211;\u00a0<\/span>R\u00f4ti de Boeuf cuit 2 Tranche \/ pers <strong>6.50\u20ac\/pers<\/strong><\/p>\n<p><span>&#8211;\u00a0<\/span>2 Pilons de poulet marin\u00e9s aux \u00e9pices <strong>4.00\u20ac\/pers<\/strong><\/p>\n<p><span>&#8211;\u00a0<\/span>2 Pilons de poulet marin\u00e9s au curry <strong>4.00\u20ac\/pers<\/strong><\/p>\n<p><strong><\/strong><\/p>\n<p><strong>Plateaux de fromage : 3.00\u20ac \/pers ( 3 choix de fromages )<\/strong><\/p>\n<p>Brie de meau , cantal , st nectaire letier ou fermier , comt\u00e9 , chevre frais , chevre\u00a0cendr\u00e9, camembert, chaource, motais charentais , bleu &#8230;<\/p>\n<p>[\/et_pb_text][\/et_pb_column][et_pb_column type=\u00a0\u00bb1_3&Prime; _builder_version=\u00a0\u00bb4.9.7&Prime; _module_preset=\u00a0\u00bbdefault\u00a0\u00bb][et_pb_text _builder_version=\u00a0\u00bb4.9.7&Prime; _module_preset=\u00a0\u00bbdefault\u00a0\u00bb custom_padding=\u00a0\u00bb0px|||||\u00a0\u00bb]<\/p>\n<p><strong>Les salades compos\u00e9es:<\/strong> <strong>6,90\u20ac \/ pers ( 3 choix de salade )<\/strong><\/p>\n<p>&#8211; Salade pi\u00e9montaise ( pomme de terre, cervelas, tomates, cornichons, oeuf ,mayonnaise.)<\/p>\n<p>&#8211; Taboul\u00e9 ( concombre , poivrons , ma\u00efs, tomates , poulet )<\/p>\n<p>&#8211; Salade de p\u00e2tes m\u00e9ridional ( pennes , aubergine , poivrons , chorizo , feta, olives,\u00a0pesto )<\/p>\n<p>&#8211; Salade exotique ( carottes et courgettes rap\u00e9s ,crevettes , tomates ,avocats,\u00a0ananas, sauce cokctail)<\/p>\n<p>&#8211; Salade coleslaw ( choux blanc + carottes)<\/p>\n<p>&#8211; Salade de riz ( thon , tomates, poivrons, olives , oeuf )<\/p>\n<p>&#8211; Salade de chou rouge ( pomme , noix, emmental , jambon )<\/p>\n<p><span>&#8211; <\/span>Salade de\u00a0perles ( saumon fum\u00e9 , surimi , tomates , mayonnaise , aneth ,\u00a0oeuf )<\/p>\n<p>[\/et_pb_text][\/et_pb_column][et_pb_column type=\u00a0\u00bb1_3&Prime; _builder_version=\u00a0\u00bb4.9.7&Prime; _module_preset=\u00a0\u00bbdefault\u00a0\u00bb][et_pb_text _builder_version=\u00a0\u00bb4.9.7&Prime; _module_preset=\u00a0\u00bbdefault\u00a0\u00bb]<\/p>\n<p><strong>Les garnitures: 4.90\u20ac\/ pers ( 2 choix de garnitures )<\/strong><\/p>\n<p><span>&#8211;\u00a0<\/span>Gratin de pommes de terre<\/p>\n<p><span>&#8211; G<\/span>ratin de l\u00e9gumes<\/p>\n<p><span>&#8211;\u00a0<\/span>Haricots blanc \u00e0 l&rsquo;ancienne<\/p>\n<p><span>&#8211; P<\/span>o\u00eal\u00e9es foresti\u00e8re ( pdt , oignons, lardons , champignons , haricots vert)<\/p>\n<p><span>&#8211; H<\/span>aricots vert en persillade<\/p>\n<p><span>&#8211; P<\/span>ersillade de champignons de paris<\/p>\n<p><span>&#8211; P<\/span>omme de terre saut\u00e9es<\/p>\n<p><span>&#8211; T<\/span>omate proven\u00e7ale<\/p>\n<p><span>&#8211; F<\/span>agot de haricots vert au lard<\/p>\n<p><span>&#8211; P<\/span>omme de terre vapeur et carottes<\/p>\n<p><span>&#8211; R<\/span>iz pilaf<\/p>\n<p><span>&#8211; R<\/span>iz aux \u00e9pices<\/p>\n<p><span>&#8211; F<\/span>ondue de poireaux<\/p>\n<p><span>&#8211; G<\/span>ratin de chou fleur<\/p>\n<p><span>&#8211;<\/span><span>\u00a0S<\/span>emoule aux \u00e9pices<\/p>\n<p><span>&#8211; W<\/span>ok de l\u00e9gumes<\/p>\n<p>[\/et_pb_text][\/et_pb_column][\/et_pb_row][\/et_pb_section][et_pb_section fb_built=\u00a0\u00bb1&Prime; _builder_version=\u00a0\u00bb4.9.7&Prime; _module_preset=\u00a0\u00bbdefault\u00a0\u00bb background_image=\u00a0\u00bbhttps:\/\/lacuisinedepauline.fr\/wp-content\/uploads\/2021\/11\/karly-gomez-lK1Q5RyD6tc-unsplash.jpg\u00a0\u00bb parallax=\u00a0\u00bbon\u00a0\u00bb][et_pb_row _builder_version=\u00a0\u00bb4.9.7&Prime; _module_preset=\u00a0\u00bbdefault\u00a0\u00bb][et_pb_column type=\u00a0\u00bb4_4&Prime; _builder_version=\u00a0\u00bb4.9.7&Prime; _module_preset=\u00a0\u00bbdefault\u00a0\u00bb][et_pb_text _builder_version=\u00a0\u00bb4.9.7&Prime; _module_preset=\u00a0\u00bbdefault\u00a0\u00bb text_text_color=\u00a0\u00bb#FFFFFF\u00a0\u00bb text_font_size=\u00a0\u00bb17px\u00a0\u00bb header_font=\u00a0\u00bbEngland||||||||\u00a0\u00bb header_text_color=\u00a0\u00bb#FFFFFF\u00a0\u00bb header_font_size=\u00a0\u00bb80px\u00a0\u00bb custom_margin=\u00a0\u00bb||-1px|||\u00a0\u00bb]<\/p>\n<h1 style=\"text-align: center;\"><span style=\"text-decoration: underline;\">Les desserts<\/span><\/h1>\n<p>[\/et_pb_text][\/et_pb_column][\/et_pb_row][\/et_pb_section][et_pb_section fb_built=\u00a0\u00bb1&Prime; _builder_version=\u00a0\u00bb4.9.7&Prime; _module_preset=\u00a0\u00bbdefault\u00a0\u00bb][et_pb_row _builder_version=\u00a0\u00bb4.9.7&Prime; _module_preset=\u00a0\u00bbdefault\u00a0\u00bb][et_pb_column type=\u00a0\u00bb4_4&Prime; _builder_version=\u00a0\u00bb4.9.7&Prime; _module_preset=\u00a0\u00bbdefault\u00a0\u00bb][et_pb_text _builder_version=\u00a0\u00bb4.9.7&Prime; _module_preset=\u00a0\u00bbdefault\u00a0\u00bb]<\/p>\n<p><strong>Les desserts: 4.90\u20ac\/pers ( 5 choix possible )<\/strong><\/p>\n<p><span>&#8211;\u00a0<\/span>Mini tarte citron meringu\u00e9s<\/p>\n<p><span>&#8211; F<\/span>ondant au chocolat<\/p>\n<p><span>&#8211; T<\/span>arte fraises ou framboises ( selon saisons)<\/p>\n<p><span>&#8211; F<\/span>inancier noisette<\/p>\n<p><span>&#8211; V<\/span>errine tiramisu<\/p>\n<p><span>&#8211; V<\/span>errine mousse au chocolat<\/p>\n<p><span>&#8211; F<\/span>inancier pistache<\/p>\n<p><span>&#8211; C<\/span>rumble abricots<\/p>\n<p><span>&#8211;\u00a0<\/span>Muffin aux pepite de chocolat<\/p>\n<p><span>&#8211; T<\/span>arte aux pommes<\/p>\n<p><span>&#8211; B<\/span>rownies au chocolat noisette<\/p>\n<p>[\/et_pb_text][\/et_pb_column][\/et_pb_row][\/et_pb_section]<\/p>\n","protected":false},"excerpt":{"rendered":"<p>[et_pb_section fb_built=\u00a0\u00bb1&Prime; _builder_version=\u00a0\u00bb4.9.7&Prime; _module_preset=\u00a0\u00bbdefault\u00a0\u00bb background_image=\u00a0\u00bbhttps:\/\/lacuisinedepauline.fr\/wp-content\/uploads\/2021\/11\/giacomo-alonzi-2sfSznPgCA-unsplash-scaled.jpg\u00a0\u00bb][et_pb_row _builder_version=\u00a0\u00bb4.9.7&Prime; _module_preset=\u00a0\u00bbdefault\u00a0\u00bb][et_pb_column type=\u00a0\u00bb4_4&Prime; _builder_version=\u00a0\u00bb4.9.7&Prime; _module_preset=\u00a0\u00bbdefault\u00a0\u00bb][et_pb_text _builder_version=\u00a0\u00bb4.9.7&Prime; _module_preset=\u00a0\u00bbdefault\u00a0\u00bb text_text_color=\u00a0\u00bb#FFFFFF\u00a0\u00bb text_font_size=\u00a0\u00bb17px\u00a0\u00bb header_font=\u00a0\u00bbEngland||||||||\u00a0\u00bb header_text_color=\u00a0\u00bb#FFFFFF\u00a0\u00bb header_font_size=\u00a0\u00bb80px\u00a0\u00bb] Ap\u00e9ritifs [\/et_pb_text][\/et_pb_column][\/et_pb_row][et_pb_row column_structure=\u00a0\u00bb1_2,1_2&Prime; _builder_version=\u00a0\u00bb4.9.7&Prime; _module_preset=\u00a0\u00bbdefault\u00a0\u00bb][et_pb_column type=\u00a0\u00bb1_2&Prime; _builder_version=\u00a0\u00bb4.9.7&Prime; _module_preset=\u00a0\u00bbdefault\u00a0\u00bb][et_pb_text _builder_version=\u00a0\u00bb4.9.7&Prime; _module_preset=\u00a0\u00bbdefault\u00a0\u00bb text_text_color=\u00a0\u00bb#FFFFFF\u00a0\u00bb text_font_size=\u00a0\u00bb20px\u00a0\u00bb] Simple ou d\u00eenatoire : &#8211; 4 pces au choix 4.00\u20ac\/pers &#8211; 6 pces au choix 5.80\u20ac\/pers [\/et_pb_text][\/et_pb_column][et_pb_column type=\u00a0\u00bb1_2&Prime; _builder_version=\u00a0\u00bb4.9.7&Prime; _module_preset=\u00a0\u00bbdefault\u00a0\u00bb][et_pb_text _builder_version=\u00a0\u00bb4.9.7&Prime; _module_preset=\u00a0\u00bbdefault\u00a0\u00bb text_text_color=\u00a0\u00bb#FFFFFF\u00a0\u00bb text_font_size=\u00a0\u00bb20px\u00a0\u00bb] &#8211; 8 [&hellip;]<\/p>\n","protected":false},"author":1,"featured_media":0,"parent":0,"menu_order":0,"comment_status":"closed","ping_status":"closed","template":"","meta":{"_et_pb_use_builder":"on","_et_pb_old_content":"","_et_gb_content_width":""},"_links":{"self":[{"href":"https:\/\/lacuisinedepauline.fr\/index.php?rest_route=\/wp\/v2\/pages\/92"}],"collection":[{"href":"https:\/\/lacuisinedepauline.fr\/index.php?rest_route=\/wp\/v2\/pages"}],"about":[{"href":"https:\/\/lacuisinedepauline.fr\/index.php?rest_route=\/wp\/v2\/types\/page"}],"author":[{"embeddable":true,"href":"https:\/\/lacuisinedepauline.fr\/index.php?rest_route=\/wp\/v2\/users\/1"}],"replies":[{"embeddable":true,"href":"https:\/\/lacuisinedepauline.fr\/index.php?rest_route=%2Fwp%2Fv2%2Fcomments&post=92"}],"version-history":[{"count":7,"href":"https:\/\/lacuisinedepauline.fr\/index.php?rest_route=\/wp\/v2\/pages\/92\/revisions"}],"predecessor-version":[{"id":128,"href":"https:\/\/lacuisinedepauline.fr\/index.php?rest_route=\/wp\/v2\/pages\/92\/revisions\/128"}],"wp:attachment":[{"href":"https:\/\/lacuisinedepauline.fr\/index.php?rest_route=%2Fwp%2Fv2%2Fmedia&parent=92"}],"curies":[{"name":"wp","href":"https:\/\/api.w.org\/{rel}","templated":true}]}}